Suppose 0 = 3*g + 4*h - 12 + 11, 2*g - 3 = -5*h. What is the units digit of w(g)?
3
Suppose -12*j = 80*j - 865628. What is the hundreds digit of j?
4
Suppose -5*j + 8*j + 2*x + 1164 = 0, -j - 2*x = 384. Let f = j - -865. What is the hundreds digit of f?
4
What is the thousands digit of (-3)/(3/(-1271)) - (4 - (22 + -22))?
1
Let j(g) = -2*g**2 + 72*g + 81. Let w be j(37). Suppose -3*h = w*h - 3290. What is the hundreds digit of h?
3
Let q = -19 - -20. What is the units digit of q/((-4)/(-32)*4) - -362?
4
Suppose 4*v + 5*x - 19690 - 10171 = 0, -3*x = 7*v - 52251. What is the tens digit of v?
6
What is the tens digit of ((-26)/(-4))/(28/133336) + 4*1?
5
Let d = 204 + -194. What is the units digit of (-122)/4*-5*(d - 8)?
5
Suppose -15 = -4*h + 3*g, h - g + 9 = 2*h. Let x(l) = 14*l + l + 10 - h*l - 31. What is the units digit of x(7)?
2
Let c be (-8)/(-16) - (1 - 3/6). Suppose 6*w + 11 - 17 = c. What is the hundreds digit of (w/4*218)/((-2)/(-8))?
2
Suppose -415686 = -25*s + 726614. What is the tens digit of s?
9
Let g be (-10)/((-1)/(1/2)). Let i(v) = 9*v**2 - 58*v + 26. Let b be i(6). Suppose -7 + 15 = 2*s + 4*y, -b*y = g*s - 12. What is the units digit of s?
2
Suppose 3*l - 145 = 5*c - c, 259 = 5*l + 2*c. Suppose -4*v + 4*r = 6*r + 216, -v + r = l. Let n = -45 - v. What is the units digit of n?
8
Let t be ((-36)/30 + 2)/(2/(-5)). Let z be ((-7)/t - 1)*-2. What is the units digit of (-99)/(4 + z) + 2?
1
Suppose 0 = -2*g + 8, -3*n + 2*g = -8026 - 4233. What is the units digit of n?
9
Suppose -318*p = 670180 - 12296260. What is the tens digit of p?
6
Let i = 804 + -563. Suppose 240*p + 293 = i*p. What is the hundreds digit of p?
2
Suppose r + 4 = 3*a, -5*a - 3*r + 173 = 171. Suppose -3*x = -4*x - 5*n - 11, -3*x - 3*n = 9. What is the tens digit of a/(x*(-3)/237)?
7
Suppose -5*z = 2*c - 344715, -23*c = -z - 16*c + 68906. What is the tens digit of z?
4
Let c(y) = 7*y**3 + 55*y**2 + 5*y - 39. What is the units digit of c(10)?
1
Suppose 69 = 23*s - 0. Suppose -5*z + s*p + 8634 = 0, 4*z + p - 2*p = 6910. What is the tens digit of z?
2
Let k be 4/(-8 + 36/5). Let a(v) be the first derivative of -31*v**2/2 - 44*v + 3. What is the units digit of a(k)?
1
Let m be (-3 - 3)/(4/42). Let a = m - -202. What is the hundreds digit of a?
1
Let i be (4 - 0)/(20/25). Suppose 2*l + l = -i*x + 1283, x - 4*l - 275 = 0. What is the units digit of x?
9
Let u(k) = -899*k - 558. What is the tens digit of u(-10)?
3
What is the hundreds digit of (-148)/(-2442) + 564001/33?
0
Suppose 3*y + 66 = 3*b, -94 = -6*b + 2*b + y. Let m be (36/b)/(-2*1/(-20)). Suppose 0 = 4*c + 3*u - 45 - m, 3*c + 2*u - 46 = 0. What is the units digit of c?
8
What is the hundreds digit of ((-620)/8 - -4)/((-18)/2376)?
7
Suppose -2*r - 666 = 6*f - 2*f, 0 = f + 3*r + 169. Let p = f - -61. What is the tens digit of 6 - (-4 + 8) - p?
0
Let r = -493 + 1013. Suppose 0 = 14*w - r - 40. What is the tens digit of w?
4
Suppose 0 = 19*l - 4*l + 13950. What is the tens digit of ((-18)/5)/(939/l + 1)?
7
Let g be 5/(-10*1/(-12)). Suppose 1448 = -4*a + g*a. Suppose -a = -12*m + 380. What is the tens digit of m?
9
Suppose -4*a + 3*h + 201 = 0, 122 + 35 = 3*a - h. Let z = a - 56. Let j(w) = -6*w**3 - 5*w - 7. What is the tens digit of j(z)?
5
Suppose -3*g + 1 = 1. Suppose 3*m - 2*m = -3*u - 7, g = -5*u - 15. Suppose -4*l + m*l + 306 = 0. What is the hundreds digit of l?
1
Let n(k) = -26*k - 16. Let y(h) = 2*h**3 - 5*h**2 + 2*h - 1. Let v be y(2). Let d be v + -1 + -5 + 5 + -3. What is the hundreds digit of n(d)?
1
Let u = 72 - 69. Suppose 50 = -l - 2*r - 38, 4*r + 264 = -u*l. Let s = l + 247. What is the hundreds digit of s?
1
Suppose s = 3*u + 3943, -9*s + 2*u + 15802 = -5*s. What is the tens digit of s?
5
Suppose g - 3*j = 33, -5*g + 5*j + 63 = -3*g. Let l = g + -11. Let p(o) = 11*o - 32. What is the hundreds digit of p(l)?
1
Suppose -7*g = -13*g - 12. Let h be -1570*(-5)/(-20)*g. Suppose -u = -6*u + h. What is the hundreds digit of u?
1
Let i(a) = 79*a - 280. Let h be i(7). What is the units digit of h - ((-6)/(-6) + 2)?
0
Let i(d) = -2*d**3 + 25*d**2 + 14*d - 11. Let z be i(13). Suppose z*v - 245 = -29. Suppose 0 = 4*k - 12, 6 = -3*p - 2*k + v. What is the tens digit of p?
3
Suppose -237006 = -50*m - 33*m + 6*m. What is the tens digit of m?
7
Let v(a) = 14*a**2 - 101*a - 685. What is the ten thousands digit of v(-36)?
2
Let f(t) = -6*t**3 - 9*t**2 - 23*t + 44. What is the hundreds digit of f(-16)?
6
Let q be (-21)/49 - (-148)/(-14). What is the tens digit of (19 - 16)/((-1)/q)?
3
Let x = -43160 - -82521. What is the thousands digit of x?
9
Let q = 278 + -59. Suppose 2*a + q = 5*a. What is the units digit of a?
3
Suppose r - 27333 = -3*r + 3*p, p - 1 = 0. What is the tens digit of r?
3
Let o be ((-24)/(-21))/(20/70). Suppose v + 4*g = 196, -o*v + 2*g + 847 = -3*g. What is the units digit of v?
8
Let n(x) = 7498*x - 957. What is the units digit of n(1)?
1
Suppose g + 2262 = -z + 38639, -5*g = 4*z - 181885. What is the ten thousands digit of g?
3
Let q(r) = -677*r - 9. Let n be q(1). Let x = 1119 + n. What is the hundreds digit of x?
4
Suppose -x = -4*m + 55 - 34, -2*x - 2 = 0. What is the tens digit of m - (-135 + -7 + 10)?
3
Let z(r) = -r**2 - 6*r + 3. Let p = 18 - 29. Let x(m) = 4*m**2 + 29*m - 15. Let q(d) = p*z(d) - 2*x(d). What is the hundreds digit of q(5)?
1
Let s = 355 - 348. Suppose s*m - 4*m = -2*l + 790, -5*m + 1315 = 3*l. What is the units digit of m?
0
Suppose 5*q + 9*c + 21254 = 5*c, 4*q + 5*c = -17005. What is the tens digit of 0 - (q/20 + 2/(-4))?
1
Let h(c) be the first derivative of -c**6/120 - c**5/60 + 49*c**3/6 + 7*c**2/2 - 3. Let b(d) be the second derivative of h(d). What is the tens digit of b(0)?
4
Suppose 4*u - 12*u + 64 = 0. Suppose -29*l - u = -27*l. Let c(m) = 2*m**2 + 8. What is the tens digit of c(l)?
4
Let w = -186 - -190. Suppose -v - 3*n - 559 = -3*v, 0 = -v - w*n + 285. What is the hundreds digit of v?
2
What is the units digit of (3/12)/(5*(-2)/(-731960))?
9
Suppose 5*g - 129021 - 67499 = 50295. What is the hundreds digit of g?
3
Suppose 0 = -4*h - 7 - 1, 0 = -a + 3*h + 8. Let s(w) = 5*w - 2082 + w**2 + 2079 + 5*w**3 + 0*w**3 + 0*w**3. What is the units digit of s(a)?
1
Suppose 52*m = 102*m - 323800. What is the units digit of m?
6
Let u(r) = -19*r + 65. Let n = 113 + -111. Suppose 1 = -4*x - 5*y - n, -2*y = -10. What is the units digit of u(x)?
8
Let l(x) = -185*x - 1228. What is the hundreds digit of l(-60)?
8
What is the units digit of (-3)/(-2)*(3/(-3) - 72807/(-63))?
2
Suppose 0 = 25*g + 291365 - 1593665. What is the units digit of g?
2
Let v be (3 + 4 - -3)*(-5)/(-2). Suppose 81*o - v = 76*o. Suppose -4*j + 804 = 4*l, j - o = -4*j. What is the tens digit of l?
0
Let a(m) = -99*m**3 + 2*m + 10. Suppose -26*j + 23*j - 6 = 0. What is the tens digit of a(j)?
9
Suppose -a + 60 - 13 = 0. Suppose -a = -5*i - 22. What is the tens digit of 32/i*(9 + -4)?
3
Suppose 0 = 5*b + 3*i + 27, 3*b + 2*i + 1 = 4*i. What is the units digit of (b/(-9))/(((-25)/3615)/(-5))?
1
Let y = 143 + -141. Suppose -j - y*c + 400 = 0, 0*j - 3*j + 1209 = 3*c. What is the units digit of j?
6
Let b be 3 - 1 - (0 - (0 - -1)). Suppose -6*u - b = -9. What is the units digit of u?
1
Suppose 3*j + 2*j - 30 = 0. Let m(q) = -5*q + 6. Let c be m(-3). Suppose w = -2*r + c, 3*w - 53 = r - j*r. What is the tens digit of r?
1
What is the units digit of ((-9)/6*-17053)/((-51)/(-340)*5)?
6
What is the hundreds digit of (3/(81/(-265446)))/((-16)/72)?
2
Suppose 2 = 3*v - 10. Suppose 2*n - 838 = -v*c, -c - 4*n + 848 = 3*c. Let r = c + -131. What is the tens digit of r?
7
Suppose -7950 = -13*n - 17*n. Let b = n - -1689. What is the tens digit of b?
5
Suppose 507*v + 288*v - 7898817 - 21485178 = 0. What is the thousands digit of v?
6
Suppose 4*h = -13 - 15. What is the units digit of (-104)/(-182) - 1823/h?
1
Let p(w) be the second derivative of w**3/6 + 4*w**2 - 7*w. Let d be p(-8). Suppose -t - 11 + 193 = d. What is the hundreds digit of t?
1
Suppose 2*w - 14190 = 15*x - 17*x, -14205 = -2*w + x. What is the hundreds digit of w?
1
Let g = 86 - 81. Suppose 164 = g*q - 0*s + s, 52 = 2*q - 3*s. What is the tens digit of q?
3
What is the ten thousands digit of ((-5)/3)/((-20)/(-24))*54105/(-10)?
1
Suppose -2*o + 182 = 44. Suppose 